inder when 14 is divided by 4.
2
Calculate the remainder when 225 is divided by 108.
9
Calculate the remainder when 433 is divided by 109.
106
What is the remainder when 291 is divided by 100?
91
What is the remainder when 1942 is divided by 61?
51
Calculate the remainder when 1229 is divided by 112.
109
What is the remainder when 344 is divided by 118?
108
What is the remainder when 292 is divided by 154?
138
Calculate the remainder when 249 is divided by 36.
33
Calculate the remainder when 832 is divided by 89.
31
What is the remainder when 134 is divided by 72?
62
What is the remainder when 230 is divided by 16?
6
Calculate the remainder when 74 is divided by 22.
8
What is the remainder when 1813 is divided by 96?
85
Calculate the remainder when 568 is divided by 54.
28
Calculate the remainder when 10547 is divided by 5.
2
What is the remainder when 6207 is divided by 9?
6
Calculate the remainder when 323 is divided by 53.
5
What is the remainder when 7482 is divided by 375?
357
Calculate the remainder when 348 is divided by 91.
75
Calculate the remainder when 233 is divided by 60.
53
What is the remainder when 12592 is divided by 49?
48
What is the remainder when 2219 is divided by 12?
11
Calculate the remainder when 1133 is divided by 192.
173
What is the remainder when 136 is divided by 25?
11
What is the remainder when 351 is divided by 76?
47
What is the remainder when 190 is divided by 23?
6
What is the remainder when 22110 is divided by 63?
60
What is the remainder when 38 is divided by 9?
2
Calculate the remainder when 2045 is divided by 147.
134
What is the remainder when 652 is divided by 135?
112
What is the remainder when 348 is divided by 119?
110
Calculate the remainder when 288 is divided by 29.
27
What is the remainder when 1495 is divided by 88?
87
What is the remainder when 2211 is divided by 1102?
7
What is the remainder when 5147 is divided by 271?
269
What is the remainder when 54 is divided by 26?
2
What is the remainder when 426 is divided by 74?
56
Calculate the remainder when 441 is divided by 102.
33
What is the remainder when 246 is divided by 13?
12
What is the remainder when 278 is divided by 44?
14
What is the remainder when 455 is divided by 147?
14
What is the remainder when 77 is divided by 11?
0
Calculate the remainder when 84 is divided by 26.
6
Calculate the remainder when 761 is divided by 273.
215
Calculate the remainder when 497 is divided by 20.
17
What is the remainder when 337 is divided by 31?
27
Calculate the remainder when 1131 is divided by 62.
15
What is the remainder when 287 is divided by 10?
7
What is the remainder when 785 is divided by 86?
11
What is the remainder when 272 is divided by 61?
28
Calculate the remainder when 177 is divided by 138.
39
Calculate the remainder when 157 is divided by 70.
17
What is the remainder when 336 is divided by 29?
17
Calculate the remainder when 1476 is divided by 736.
4
What is the remainder when 69 is divided by 22?
3
Calculate the remainder when 265 is divided by 15.
10
What is the remainder when 653 is divided by 65?
3
What is the remainder when 747 is divided by 184?
11
What is the remainder when 1887 is divided by 19?
6
Calculate the remainder when 898 is divided by 25.
23
Calculate the remainder when 13035 is divided by 159.
156
What is the remainder when 85 is divided by 27?
4
Calculate the remainder when 2100 is divided by 113.
66
What is the remainder when 45 is divided by 26?
19
What is the remainder when 626 is divided by 205?
11
What is the remainder when 454 is divided by 140?
34
What is the remainder when 229 is divided by 2?
1
What is the remainder when 2249 is divided by 8?
1
Calculate the remainder when 150 is divided by 13.
7
Calculate the remainder when 2198 is divided by 168.
14
Calculate the remainder when 269 is divided by 8.
5
What is the remainder when 23399 is divided by 117?
116
Calculate the remainder when 48592 is divided by 178.
176
What is the remainder when 6 is divided by 1?
0
What is the remainder when 147 is divided by 27?
12
Calculate the remainder when 208 is divided by 35.
33
Calculate the remainder when 425 is divided by 71.
70
Calculate the remainder when 79 is divided by 56.
23
Calculate the remainder when 188 is divided by 137.
51
What is the remainder when 292 is divided by 32?
4
Calculate the remainder when 314 is divided by 211.
103
What is the remainder when 2472 is divided by 123?
12
What is the remainder when 1657 is divided by 16?
9
Calculate the remainder when 564 is divided by 11.
3
What is the remainder when 402 is divided by 30?
12
What is the remainder when 601 is divided by 15?
1
Calculate the remainder when 150 is divided by 81.
69
What is the remainder when 949 is divided by 106?
101
What is the remainder when 1041 is divided by 36?
33
Calculate the remainder when 188 is divided by 10.
8
Calculate the remainder when 8852 is divided by 43.
37
Calculate the remainder when 1728 is divided by 35.
13
What is the remainder when 592 is divided by 119?
116
What is the remainder when 1231 is divided by 16?
15
What is the remainder when 275 is divided by 9?
5
Calculate the remainder when 148 is divided by 39.
31
Calculate the remainder when 2246 is divided by 21.
20
Calculate the remainder when 199 is divided by 101.
98
Calculate the remainder when 6494 is divided by 32.
30
Calculate the remainder when 858 is divided by 15.
3
Calculate the remainder when 279 is divided by 56.
55
What is the remainder when 194 is divided by 39?
38
Calculate the remainder when 203 is divided by 12.
11
Calculate the remainder when 108 is divided by 39.
30
What is the remainder when 278 is divided by 60?
38
What is the remainder when 117 is divided by 10?
7
What is the remainder when 770 is divided by 194?
188
Calculate the remainder when 2585 is divided by 53.
41
Calculate the remainder when 905 is divided by 84.
65
Calculate the remainder when 1780 is divided by 592.
4
Calculate the remainder when 771 is divided by 196.
183
Calculate the remainder when 14 is divided by 10.
4
Calculate the remainder when 327 is divided by 122.
83
What is the remainder when 206 is divided by 41?
1
What is the remainder when 250 is divided by 99?
52
Calculate the remainder when 1249 is divided by 10.
9
What is the remainder when 297 is divided by 33?
0
Calculate the remainder when 21 is divided by 8.
5
What is the remainder when 152 is divided by 50?
2
Calculate the remainder when 108 is divided by 14.
10
Calculate the remainder when 939 is divided by 245.
204
What is the remainder when 692 is divided by 142?
124
What is the remainder when 7561 is divided by 199?
198
What is the remainder when 482 is divided by 151?
29
What is the remainder when 51 is divided by 12?
3
Calculate the remainder when 8402 is divided by 175.
2
What is the remainder when 566 is divided by 52?
46
Calculate the remainder when 14 is divided by 6.
2
What is the remainder when 489 is divided by 92?
29
What is the remainder when 411 is divided by 136?
3
Calculate the remainder when 69 is divided by 8.
5
What is the remainder when 293 is divided by 10?
3
What is the remainder when 171 is divided by 40?
11
Calculate the remainder when 352 is divided by 69.
7
What is the remainder when 70 is divided by 67?
3
What is the remainder when 1917 is divided by 32?
29
Calculate the remainder when 1419 is divided by 20.
19
What is the remainder when 26 is divided by 14?
12
What is the remainder when 1076 is divided by 108?
104
Calculate the remainder when 1416 is divided by 13.
12
What is the remainder when 823 is divided by 202?
15
Calculate the remainder when 1823 is divided by 8.
7
Calculate the remainder when 850 is divided by 22.
14
Calculate the remainder when 247 is divided by 83.
81
What is the remainder when 81 is divided by 67?
14
What is the remainder when 112 is divided by 48?
16
Calculate the remainder when 8135 is divided by 110.
105
Calculate the remainder when 14200 is divided by 67.
63
What is the remainder when 1892 is divided by 590?
122
Calculate the remainder when 899 is divided by 8.
3
What is the remainder when 394 is divided by 80?
74
What is the remainder when 40505 is divided by 86?
85
What is the remainder when 4299 is divided by 10?
9
Calculate the remain